6*v + 61. Suppose -38 + 50 = 2*c. Let k be y(c). Let a = k + -1564. Is a prime?
False
Let k be ((-4)/6)/((-86)/(-30) + -3). Let i = 9057 + -3623. Suppose -a + i = k*z, 5*z + 4*a = 4*z + 1083. Is z a prime number?
True
Let z(s) = -s + 4. Let x be z(1). Suppose -4609 = -4*c + r, x*r - 2034 = -3*c + 1404. Is c a prime number?
True
Suppose 0 = -c + 2*j + 2 + 1, 4*c + 4*j = 12. Suppose c*h + 0*h = 4911. Is h prime?
True
Suppose -4*r + 300804 = -11*k + 7*k, -75211 = -r + 6*k. Is r a composite number?
True
Let s(y) = y**3 + 11*y**2 + 26*y + 8. Let t be s(-6). Suppose t*z + 38826 = 50*z. Is z a prime number?
False
Let r(u) = -323*u + 6. Let c(a) = -1. Let l(s) = -3*c(s) + r(s). Let h be l(-17). Suppose 3*p - v - 2189 = p, 0 = 5*p + 3*v - h. Is p prime?
True
Let w = -53 + 88. Let k = 386 + w. Suppose -j = -88 - k. Is j a prime number?
True
Suppose -2*z + 1240963 = 4*v - 985957, 8*z - 556685 = -v. Is v a composite number?
True
Suppose 8*b - 71 = 25. Suppose -b*z + 822 = -6*z. Is z*(3 + 0) - -2 a prime number?
False
Suppose 5*t - 15*r - 34431 = -11*r, -3*t - r + 20662 = 0. Is t composite?
True
Is (22/10)/(-17 + 6901590/405975) composite?
True
Let d(n) = 13763*n**2 + 80*n + 15. Is d(-2) prime?
True
Let l = 43305 + -11987. Suppose 0 = -191*r + 177*r + l. Is r a composite number?
False
Is ((-448713)/(-18))/(-6 - 135/(-22)) composite?
True
Suppose g - 16*z + 23 = -11*z, -2*g = -3*z + 18. Let j(b) = -62*b - 41. Is j(g) prime?
False
Let h be (12/(-10))/(4/(-20)). Let u = -1028 - -1028. Suppose -t + h*t - 3985 = u. Is t composite?
False
Let h(v) be the third derivative of 211*v**4/24 - 34*v**3/3 - 14*v**2 - 1. Is h(19) a prime number?
False
Let q be 120912/27 + 6/(-27). Let g = -2025 + q. Is g a composite number?
True
Suppose t - 3*r = 7502, 16*t + 5*r - 29991 = 12*t. Is t a prime number?
True
Suppose 30*m - 7252145 = 3192325. Is m prime?
True
Let z(v) = 545*v**2 - 21*v + 69. Suppose 89 = -24*p - 79. Is z(p) a composite number?
False
Is ((-6 - -7)*-493747)/((9 + -8)*-1) a prime number?
True
Suppose 870 = 4*b - 5*b. Let y = -306 - -1553. Let s = b + y. Is s prime?
False
Let y = -159 - -163. Suppose -c - 10399 = -y*h + 9906, -5*c + 10169 = 2*h. Is h a composite number?
False
Suppose 376*z - 64*z = 174909072. Is z composite?
True
Let u be ((-30)/25)/(3/30). Let x(o) be the third derivative of o**5/20 + o**4/6 + 23*o**3/6 - 9*o**2. Is x(u) prime?
False
Let w = 636117 + -326890. Is w prime?
False
Let u = -19 - -37. Let v(j) = 98*j + 25. Let b be v(u). Suppose p = 5*h - b, p = -5*h + h + 1433. Is h composite?
True
Suppose 0 = 5*q - 40, -626663 = -3*s + q - 5*q. Is s prime?
True
Let o be ((-542)/4)/((-7)/(-14)). Let u = o + 905. Suppose 5*l = -m + 3170, -l = -0*l - 4*m - u. Is l composite?
True
Let n(m) = -2*m + 15. Let r be n(5). Suppose -8*h + 13520 = r*h. Suppose 3*s - 658 = -5*c, c - h = -5*s + 4*c. Is s a composite number?
False
Let f = 1728 - 1004. Let d = -407 + f. Is d composite?
False
Suppose -69 = -6*c - 177. Let k(a) = 9*a**2 + a + 6. Let u be k(c). Suppose -4*r + l + 3300 + 2514 = 0, 2*l + u = 2*r. Is r composite?
True
Suppose -3*d - 64 + 1024 = 0. Is (-1 - 3) + d + 1 composite?
False
Let t = -522482 - -866271. Is t composite?
True
Suppose 2 = 6*t - 46. Suppose 0*g + 464 = t*g. Suppose -g*v + 57*v + 841 = 0. Is v a composite number?
True
Let o(j) be the first derivative of 36*j**3 - 8*j - 14. Let h be o(5). Suppose -5*z + h = -z. Is z prime?
True
Let r(i) = i**3 - 39*i**2 - 3*i + 775. Is r(78) a composite number?
True
Suppose 0 = -9*y + 29*y + 293080. Is ((-21)/2)/(51/y) prime?
False
Let b = 4451794 + -1915395. Is b a prime number?
False
Suppose -2*g - 12*d + 8*d = -565354, 3*g + 3*d - 848007 = 0. Is g a composite number?
False
Let k(p) = 1769*p - 3291. Is k(6) a prime number?
False
Let g = 103 - 99. Suppose -3*u + g*t + 51485 = 0, t - 34338 = -9*u + 7*u. Is u a composite number?
False
Let p = 273020 - -224247. Is p a composite number?
True
Let i be (-2 - -3 - -6)*3. Suppose -i*q - 28910 = -152915. Is q composite?
True
Let f be 342/(-57) - (-1 + -2514). Let z = f + 2362. Is z a prime number?
True
Let h = -984 - -400. Let t = h - -1383. Is t composite?
True
Suppose 10*y - 6*y - 6820 = 0. Suppose 31*m - 26*m = y. Is m prime?
False
Let b(y) = 15*y**2 + 4*y - 24. Let c = 323 - 336. Is b(c) composite?
False
Suppose -89*g = -88*g - 4. Is 1/(g + (-4)/(50172/50169)) prime?
False
Suppose 18960 = 17*f + 3*f. Let z = f + 139. Is z prime?
True
Let y = -598 - 173. Let a = y + 435. Let j = 57 - a. Is j prime?
False
Let w be -6*((-22)/4 - (4 - 9)). Suppose 3*c = -w*j + 3033, 5*j = 2*c + c - 3017. Is c composite?
False
Let c(d) = 124*d**2 - 6*d + 17. Suppose -3*o + 11 - 8 = -2*y, 3*y - 15 = -2*o. Is c(y) prime?
False
Let d(t) be the first derivative of 304*t**2 - 65*t - 17. Is d(2) a composite number?
False
Let t = -156 - -159. Suppose 4*h + 3*z = 9*h - 11810, 0 = -t*h + 3*z + 7092. Is h a composite number?
True
Let h(y) = -119*y**2 + 29*y - 128. Let d be h(9). Let l = 14067 + d. Is l composite?
False
Let w(r) = -4*r**3 - 3*r**2 - 2*r + 2. Let j be w(-2). Let v = 89 - j. Let i = v + -48. Is i composite?
True
Suppose -p + 3*n + 77809 + 30963 = 0, p = 5*n + 108762. Is p a prime number?
False
Is 1564896/30 + (0 - 5/25) a prime number?
True
Suppose -9 = -7*k + 5. Suppose 0*v = -2*p - 4*v + 9078, 0 = v - k. Is p prime?
False
Suppose -2*l + 131983 = 3*g + 19448, l - g = 56260. Is l a prime number?
True
Suppose -5*h - 12 - 3 = 0, 0 = -5*u + 4*h + 9632. Let b = u - -17737. Is b a prime number?
True
Let j = 679585 - 346370. Is j a prime number?
False
Suppose -5*i = 4*f + 6 + 118, -4*i - 101 = 5*f. Let p = i - -26. Suppose 3545 = 4*j + u, -p*j + 1780 = -3*u + u. Is j a composite number?
False
Let t be 4286/3 - (-4)/(-6). Let p = 6297 - 6290. Suppose p*i - 3059 = t. Is i prime?
True
Let s = 266 + -614. Suppose -5*u + u = -2*d - 11624, -d = 3*u + 5797. Is (d/(-4) + -1)/((-261)/s) a prime number?
False
Suppose 3*o = -4*t + 40, -7 = -3*o + 5*t - 3. Is -794*(o + -1)/(-14) a composite number?
False
Let n = 71199 - 23360. Is n composite?
True
Suppose 131*q = 17*q + 13196982. Is q a prime number?
True
Suppose 256 = -18*y + 19*y. Suppose -y = -d + 453. Is d a composite number?
False
Suppose -10*v + 13*v = -3*n + 209514, -3*v + 209508 = 5*n. Is v a prime number?
False
Suppose -8*d + 24 = -0. Let j(s) be the first derivative of 57*s**2/2 + 6*s + 88. Is j(d) a prime number?
False
Let n = 199364 - -21431. Is n prime?
False
Let l(m) = 63*m - 312. Let n be l(5). Suppose 5*t - 16813 = n*s, 2*t - 3*s + 5*s - 6738 = 0. Is t composite?
True
Let l(m) = 21*m**2 - 191*m - 223. Is l(48) prime?
True
Suppose 220*i = -129942100 + 365450120. Is i prime?
True
Let o(m) = 0*m - 2 + 3*m**2 - 2*m + m**3 + 6*m - 6*m. Let v be o(-2). Is v/36 - 461/(-6) a prime number?
False
Let r(q) = -q**2 + 6*q + 1. Let z be r(5). Suppose 3*v + 2*s = 513, z*s - 353 = -2*v + s. Let d = -111 + v. Is d prime?
False
Suppose 4*b - 10 = 5*a + 3*b, -5*b = -4*a - 8. Is (4/(-10))/(a/58210 + 0) prime?
False
Let d be (4/(-8) - -2)*4/(-1). Let y(o) = -o**3 - 8*o**2 - 13*o - 1. Let x be y(d). Suppose -2455 = -3*u - x*c + 6134, 4*c = -2*u + 5726. Is u a prime number?
False
Suppose 5*i - 653497 = 4*v, 4*i - 390*v - 522803 = -385*v. Is i a prime number?
False
Let u(v) = 22869*v**2 + 115*v - 349. Is u(3) a composite number?
False
Let c be 1/(-7) - 5324/(-77). Suppose 2*u - 16 - 24 = 4*y, 0 = 4*u + 3*y - c. Suppose -2*r - 294 = -2*l - u, -l + 4*r + 150 = 0. Is l a prime number?
False
Let m(j) = 7694*j + 1233. Is m(35) prime?
False
Let q = -67457 - -124258. Is q composite?
True
Let t be 4 + 8*5/2. Let k be (3 + -13)*1/(15/t). Let d(q) = q**3 + 18*q**2 + 25*q + 21. Is d(k) prime?
False
Suppose -3*u + 9 = 3*y - 9, -3*y + 15 = 2*u. Let c(q) = 3 + 6*q + 2*q - 3*q + 5*q**2 - 8*q**y + 4*q**3. Is c(-4) a prime number?
False
Suppose z + 5*f = 6*z - 216240, -4*z = -2*f - 172994. Is z prime?
False
Let c = 4897 + 247402. Is c a composite number?
True
Let g(b) = -b**2 - 23*b - 38. Let t be g(-21). Suppose -c + 5934 = -o - 70, 4*c + t*o = 24040. Is c prime?
True
Suppose 0 = -2*n, -a - n + 2*n = 0. Suppose a = 120*u - 104*u - 118928. Is u composite?
False
Let q(l) = -47*l**3 + 4*l**2 + l + 3. Let y be q(-3). Suppose -y = -5*j - 5*c, -j - 5*c = -3*j + 508. L